rue
Is 5639 a composite number?
False
Is 1539393 prime?
False
Is 42337 prime?
True
Is 1651 prime?
False
Is 14866 a prime number?
False
Is 1219369 prime?
False
Is 2183 a prime number?
False
Is 10133 a prime number?
True
Is 19111 a composite number?
True
Is 110023 composite?
False
Is 1113089 a prime number?
True
Is 98251 a prime number?
True
Is 3086579 composite?
False
Is 25435 a prime number?
False
Is 24142 prime?
False
Is 23719 prime?
True
Is 639523 a prime number?
False
Is 393473 composite?
False
Is 159649 composite?
True
Is 348709 a composite number?
False
Is 43391 composite?
False
Is 2034599 a composite number?
True
Is 10249 a prime number?
False
Is 172849 prime?
True
Is 88233 a prime number?
False
Is 2287 a prime number?
True
Is 23813 a composite number?
False
Is 136966 a composite number?
True
Is 31007 composite?
True
Is 19531 prime?
True
Is 191623 prime?
False
Is 312371 a prime number?
True
Is 4751 a prime number?
True
Is 28687 a prime number?
True
Is 2384971 prime?
True
Is 167847 prime?
False
Is 111955 a composite number?
True
Is 2609 a prime number?
True
Is 69985 a composite number?
True
Is 430691 a composite number?
False
Is 2470387 a composite number?
False
Is 21247 a composite number?
False
Is 25067 a prime number?
False
Is 1039 a composite number?
False
Is 118093 composite?
False
Is 6247 a composite number?
False
Is 9533 composite?
False
Is 100259 a composite number?
True
Is 7417 a composite number?
False
Is 366383 prime?
True
Is 191 composite?
False
Is 9307 a composite number?
True
Is 90749 a composite number?
False
Is 1807 a composite number?
True
Is 1163 composite?
False
Is 8849 a prime number?
True
Is 2897 composite?
False
Is 634793 composite?
False
Is 16603 composite?
False
Is 41119 a composite number?
True
Is 18787 a composite number?
False
Is 974687 a composite number?
True
Is 236699 a prime number?
True
Is 605273 prime?
False
Is 96377 prime?
True
Is 1241039 a prime number?
True
Is 196073 a composite number?
False
Is 310861 a prime number?
True
Is 81797 prime?
False
Is 870131 a prime number?
True
Is 6803 prime?
True
Is 18593 composite?
False
Is 345502 a prime number?
False
Is 297581 a prime number?
True
Is 291217 composite?
False
Is 188323 prime?
True
Is 48053 composite?
True
Is 96981 prime?
False
Is 366811 composite?
False
Is 24701 prime?
False
Is 1091 a prime number?
True
Is 19121 a prime number?
True
Is 42815 a composite number?
True
Is 21531 a composite number?
True
Is 259 a prime number?
False
Is 490109 a prime number?
False
Is 857309 a prime number?
True
Is 329123 prime?
True
Is 39101 a composite number?
True
Is 19441 a composite number?
False
Is 20441 a composite number?
False
Is 14851 a composite number?
False
Is 389807 composite?
True
Is 664133 composite?
False
Is 4322971 a composite number?
True
Is 679361 a prime number?
True
Is 48241 a prime number?
False
Is 85379 prime?
False
Is 30767 a composite number?
True
Is 1928399 a composite number?
True
Is 273971 a composite number?
False
Is 72271 a prime number?
True
Is 33961 composite?
False
Is 1437 a prime number?
False
Is 1098209 composite?
True
Is 95677 a composite number?
True
Is 237819 prime?
False
Is 15731 a prime number?
True
Is 8443 composite?
False
Is 362162 a composite number?
True
Is 323837 a composite number?
False
Is 58889 prime?
True
Is 35194 a prime number?
False
Is 24071 a prime number?
True
Is 610369 a prime number?
False
Is 1079593 composite?
False
Is 1213 a prime number?
True
Is 29603 a composite number?
True
Is 4327 a composite number?
False
Is 307067 composite?
False
Is 72843 composite?
True
Is 2179 a prime number?
True
Is 195613 a composite number?
True
Is 121883 prime?
True
Is 47983 a composite number?
True
Is 9719 a prime number?
True
Is 1323827 prime?
False
Is 1213 prime?
True
Is 2437 composite?
False
Is 6467 a composite number?
True
Is 1051391 a composite number?
True
Is 352645 a composite number?
True
Is 2735 composite?
True
Is 16369 a composite number?
False
Is 223811 a composite number?
True
Is 5359 a prime number?
False
Is 6469 a prime number?
True
Is 322397 a composite number?
False
Is 141893 a composite number?
True
Is 877181 prime?
True
Is 91558 a composite number?
True
Is 15305 composite?
True
Is 1059 a prime number?
False
Is 4553 prime?
False
Is 281795 a composite number?
True
Is 119549 a composite number?
False
Is 169557 a prime number?
False
Is 43223 a prime number?
True
Is 10391 prime?
True
Is 80501 composite?
True
Is 27563 prime?
False
Is 105949 prime?
False
Is 239929 composite?
False
Is 345482 prime?
False
Is 26671 composite?
True
Is 90329 composite?
True
Is 15681 composite?
True
Is 90655 prime?
False
Is 631 prime?
True
Is 261109 a composite number?
True
Is 3768431 composite?
False
Is 3967 composite?
False
Is 2046587 composite?
True
Is 21283 composite?
False
Is 2392697 a prime number?
True
Is 7993 prime?
True
Is 25867 a prime number?
True
Is 20611 composite?
False
Is 515569 composite?
True
Is 586327 a composite number?
True
Is 489937 a composite number?
True
Is 2437 a prime number?
True
Is 275749 composite?
True
Is 14077 prime?
False
Is 69907 prime?
False
Is 678157 a prime number?
True
Is 46687 composite?
False
Is 21683 a composite number?
False
Is 126421 a prime number?
True
Is 171679 prime?
True
Is 907 a prime number?
True
Is 19117 a composite number?
True
Is 25091 composite?
True
Is 20507 a composite number?
False
Is 105899 a composite number?
False
Is 644999 prime?
True
Is 1675099 a composite number?
True
Is 19237 a composite number?
False
Is 10399 a prime number?
True
Is 383765 composite?
True
Is 100279 composite?
False
Is 2099299 a composite number?
False
Is 660631 prime?
False
Is 8147 a composite number?
False
Is 47218 a composite number?
True
Is 3259 a composite number?
False
Is 451119 a composite number?
True
Is 20161 a composite number?
False
Is 14143 prime?
True
Is 9923 prime?
True
Is 8147 prime?
True
Is 42509 composite?
False
Is 15877 prime?
True
Is 85571 a composite number?
False
Is 1146707 a prime number?
False
Is 200615 a prime number?
False
Is 20269 composite?
False
Is 105031 composite?
False
Is 10367 prime?
False
Is 8753 a prime number?
True
Is 1118281 a composite number?
True
Is 127 composite?
False
Is 8923 a prime number?
True
Is 13121 a composite number?
False
Is 515227 a composite number?
False
Is 7561 composite?
False
Is 50161 a composite number?
True
Is 23915 composite?
True
Is 128099 a prime number?
True
Is 26083 composite?
False
Is 34019 a prime number?
True
Is 1066511 a composite number?
False
Is 61733 prime?
False
Is 1215055 a prime number?
False
Is 11983 prime?
False
Is 986015 prime?
False
Is 152699 prime?
False
Is 7817 a composite number?
False
Is 121897 a composite number?
True
Is 377539 prime?
False
Is 2599 a composite number?
True
Is 193993 a prime number?
True
Is 7393 composite?
False
Is 2228821 a composite number?
True
Is 49853 a prime number?
True
Is 5042 a prime number?
False
Is 446639 a composite number?
True
Is 257311 composite?
False
Is 1889 prime?
True
Is 1931541 a prime number?
False
Is 18409 prime?
False
Is 852281 a prime number?
False
Is 1227 a composite number?
True
Is 4189 composite?
True
Is 16477 composite?
False
Is 10133 a composite number?
False
Is 84869 composite?
False
Is 107021 a prime number?
True
Is 142 a prime number?
False
Is 24593 a composite number?
False
Is 567353 a composite number?
True
Is 51599 a prime number?
True
Is 530981 prime?
False
Is 36362 prime?
False
Is 800971 a composite number?
False
Is 223 a prime number?
True
Is 11177 composite?
False
Is 415983 prime?
False
Is 5294 a composite number?
True
Is 423133 prime?
True
Is 15013 a composite number?
False
Is 1234993 a composite number?
True
Is 16223 prime?
True
Is 28873 prime?
False
Is 11441 a composite number?
True
Is 879649 prime?
True
Is 11959 prime?
True
Is 297403 composite?
False
Is 1201 a composite number?
False
Is 596879 a composite number?
False
Is 66271 composite?
False
Is 14489 composite?
False
Is 14047 composite?
True
Is 29317 a composite number?
True
Is 125777 prime?
True
Is 58103 a prime number?
False
Is 106549 a prime number?
False
Is 20153 composite?
True
Is 199618 a prime number?
False
Is 16127 a composite number?
False
Is 16871 a composite number?
False
Is 124769 composite?
False
Is 14029 a compo